 64.
63
Calculate the remainder when 1187 is divided by 641.
546
What is the remainder when 31 is divided by 15?
1
Calculate the remainder when 1229 is divided by 41.
40
Calculate the remainder when 141 is divided by 36.
33
What is the remainder when 816 is divided by 9?
6
What is the remainder when 959 is divided by 48?
47
Calculate the remainder when 1566 is divided by 17.
2
What is the remainder when 10548 is divided by 50?
48
Calculate the remainder when 124 is divided by 23.
9
What is the remainder when 222 is divided by 22?
2
Calculate the remainder when 45 is divided by 3.
0
What is the remainder when 776 is divided by 245?
41
Calculate the remainder when 401 is divided by 68.
61
Calculate the remainder when 426 is divided by 85.
1
What is the remainder when 347 is divided by 70?
67
What is the remainder when 2029 is divided by 7?
6
Calculate the remainder when 48245 is divided by 473.
472
What is the remainder when 21200 is divided by 191?
190
Calculate the remainder when 1502 is divided by 35.
32
Calculate the remainder when 59 is divided by 34.
25
Calculate the remainder when 3269 is divided by 109.
108
Calculate the remainder when 2275 is divided by 134.
131
What is the remainder when 406 is divided by 32?
22
What is the remainder when 313 is divided by 82?
67
What is the remainder when 792 is divided by 27?
9
Calculate the remainder when 26 is divided by 10.
6
Calculate the remainder when 340 is divided by 15.
10
Calculate the remainder when 417 is divided by 128.
33
What is the remainder when 2794 is divided by 12?
10
What is the remainder when 299 is divided by 75?
74
What is the remainder when 6184 is divided by 14?
10
Calculate the remainder when 277 is divided by 20.
17
What is the remainder when 19465 is divided by 189?
187
Calculate the remainder when 1204 is divided by 602.
0
What is the remainder when 369 is divided by 76?
65
What is the remainder when 55 is divided by 31?
24
Calculate the remainder when 217 is divided by 17.
13
What is the remainder when 4589 is divided by 170?
169
Calculate the remainder when 26 is divided by 16.
10
What is the remainder when 20744 is divided by 45?
44
Calculate the remainder when 42395 is divided by 86.
83
What is the remainder when 284 is divided by 15?
14
What is the remainder when 969 is divided by 3?
0
What is the remainder when 346 is divided by 14?
10
Calculate the remainder when 183 is divided by 37.
35
What is the remainder when 33 is divided by 17?
16
What is the remainder when 1023 is divided by 37?
24
Calculate the remainder when 65 is divided by 20.
5
Calculate the remainder when 226 is divided by 116.
110
Calculate the remainder when 1242 is divided by 24.
18
Calculate the remainder when 221 is divided by 25.
21
Calculate the remainder when 32 is divided by 5.
2
What is the remainder when 229 is divided by 21?
19
Calculate the remainder when 1242 is divided by 139.
130
What is the remainder when 3129 is divided by 12?
9
Calculate the remainder when 411 is divided by 408.
3
Calculate the remainder when 199 is divided by 65.
4
What is the remainder when 47 is divided by 18?
11
What is the remainder when 232 is divided by 90?
52
What is the remainder when 458 is divided by 101?
54
What is the remainder when 95 is divided by 89?
6
What is the remainder when 968 is divided by 44?
0
What is the remainder when 54 is divided by 51?
3
Calculate the remainder when 102 is divided by 13.
11
Calculate the remainder when 223 is divided by 54.
7
What is the remainder when 738 is divided by 74?
72
Calculate the remainder when 119 is divided by 24.
23
Calculate the remainder when 340 is divided by 55.
10
Calculate the remainder when 140 is divided by 36.
32
What is the remainder when 748 is divided by 148?
8
Calculate the remainder when 144 is divided by 63.
18
What is the remainder when 408 is divided by 134?
6
Calculate the remainder when 1 is divided by 1.
0
What is the remainder when 575 is divided by 67?
39
Calculate the remainder when 51 is divided by 44.
7
What is the remainder when 1056 is divided by 46?
44
What is the remainder when 6572 is divided by 299?
293
Calculate the remainder when 539 is divided by 178.
5
Calculate the remainder when 265 is divided by 50.
15
Calculate the remainder when 2412 is divided by 21.
18
Calculate the remainder when 963 is divided by 446.
71
Calculate the remainder when 10486 is divided by 19.
17
What is the remainder when 1061 is divided by 71?
67
What is the remainder when 41 is divided by 3?
2
Calculate the remainder when 148 is divided by 10.
8
Calculate the remainder when 6204 is divided by 15.
9
What is the remainder when 27 is divided by 3?
0
Calculate the remainder when 437 is divided by 3.
2
Calculate the remainder when 617 is divided by 6.
5
Calculate the remainder when 1883 is divided by 6.
5
What is the remainder when 47 is divided by 13?
8
Calculate the remainder when 164 is divided by 43.
35
Calculate the remainder when 413 is divided by 364.
49
Calculate the remainder when 1053 is divided by 351.
0
Calculate the remainder when 2525 is divided by 629.
9
Calculate the remainder when 245 is divided by 16.
5
Calculate the remainder when 223 is divided by 22.
3
Calculate the remainder when 27 is divided by 14.
13
Calculate the remainder when 57 is divided by 3.
0
Calculate the remainder when 266 is divided by 51.
11
Calculate the remainder when 59 is divided by 31.
28
What is the remainder when 1761 is divided by 126?
123
What is the remainder when 1431 is divided by 215?
141
What is the remainder when 241 is divided by 36?
25
Calculate the remainder when 374 is divided by 116.
26
What is the remainder when 42 is divided by 28?
14
Calculate the remainder when 327 is divided by 11.
8
Calculate the remainder when 434 is divided by 13.
5
Calculate the remainder when 4708 is divided by 18.
10
What is the remainder when 7875 is divided by 116?
103
Calculate the remainder when 94 is divided by 50.
44
Calculate the remainder when 211 is divided by 16.
3
What is the remainder when 46 is divided by 20?
6
Calculate the remainder when 13198 is divided by 88.
86
Calculate the remainder when 211 is divided by 74.
63
What is the remainder when 1844 is divided by 41?
40
What is the remainder when 111 is divided by 6?
3
What is the remainder when 100 is divided by 46?
8
Calculate the remainder when 42 is divided by 21.
0
Calculate the remainder when 2309 is divided by 70.
69
Calculate the remainder when 239 is divided by 38.
11
Calculate the remainder when 26 is divided by 15.
11
Calculate the remainder when 1039 is divided by 193.
74
What is the remainder when 1068 is divided by 107?
105
What is the remainder when 346 is divided by 18?
4
Calculate the remainder when 330 is divided by 14.
8
Calculate the remainder when 74 is divided by 8.
2
What is the remainder when 401 is divided by 68?
61
Calculate the remainder when 207 is divided by 54.
45
Calculate the remainder when 286 is divided by 16.
14
What is the remainder when 83 is divided by 4?
3
What is the remainder when 592 is divided by 66?
64
Calculate the remainder when 8 is divided by 8.
0
Calculate the remainder when 175 is divided by 60.
55
Calculate the remainder when 431 is divided by 73.
66
What is the remainder when 9754 is divided by 271?
269
Calculate the remainder when 777 is divided by 111.
0
Calculate the remainder when 143 is divided by 12.
11
What is the remainder when 104 is divided by 9?
5
What is the remainder when 53 is divided by 9?
8
What is the remainder when 89 is divided by 24?
17
What is the remainder when 178 is divided by 92?
86
Calculate the remainder when 1341 is divided by 3.
0
Calculate the remainder when 239 is divided by 96.
47
Calculate the remainder when 3020 is divided by 12.
8
Calculate the remainder when 15 is divided by 12.
3
Calculate the remainder when 597 is divided by 37.
5
Calculate the remainder when 212 is divided by 112.
100
What is the remainder when 528 is divided by 9?
6
Calculate the remainder when 308 is divided by 115.
78
What is the remainder when 452 is divided by 111?
8
Calculate the remainder when 211 is divided by 28.
15
What is the remainder when 55 is divided by 13?
3
What is the remainder when 288 is divided by 82?
42
Calculate the rema